p**4/24 + 5*p**3/6 + 5*p**2. Let s be v(5). What is the highest common factor of 200 and s?
25
Suppose -12 = -5*i + 23. Suppose -d + 81 = -i. Calculate the highest common factor of 11 and d.
11
Let r = 43 + -7. Let h = r - 22. Calculate the greatest common divisor of 154 and h.
14
Suppose 0 = 4*b + b - 240. Let c be (-4)/(-10) - b/(-5). Suppose -5*w = -5*k + 3 - 38, -w - k = -13. Calculate the greatest common divisor of w and c.
10
Let s be (-1)/(1/(-4 - -1)). Suppose 44 = -r + 3*r. Suppose -14 - r = -4*t. What is the highest common factor of s and t?
3
Let l = 13 + -5. What is the highest common divisor of 56 and l?
8
Let v = -64 + 109. Calculate the greatest common factor of 9 and v.
9
Let n(j) = j - 6 + j**2 + 6*j - 2*j**2. Let m be ((-5)/3)/5*-15. Let i be n(m). Calculate the greatest common divisor of i and 28.
4
Suppose -2*l + 72 = 8. Suppose 0 = 5*g - 41 - 39. What is the highest common factor of g and l?
16
Suppose -177 = -2*g + u, -3*g = u - 3*u - 266. What is the greatest common factor of g and 8?
8
Let g = -12 - -17. Suppose -67 = -4*j + g. Calculate the greatest common factor of j and 9.
9
Let b = 31 - 27. Calculate the highest common factor of 4 and b.
4
Let o(p) = -p**2 + p. Let i(h) = -2*h**2 + 4*h + 12. Let c(f) = i(f) - 3*o(f). Let w be c(0). What is the greatest common factor of 84 and w?
12
Suppose 3*y = 5*o + 14, 2*y - 2*o = o + 9. Suppose 0 = -y*m + 2*m + 6. Calculate the highest common divisor of 54 and m.
6
Let i(v) = v**2 - 2. Let u be i(6). Suppose 4*o = 38 + u. Calculate the greatest common divisor of 36 and o.
18
Suppose -4 = -g + 2. Calculate the greatest common factor of 66 and g.
6
Let y(g) = -g**2 - 28*g - 4. Let m be y(-8). What is the highest common factor of m and 12?
12
Let h = 6 - -1. What is the highest common factor of h and 14?
7
Let j be ((-15)/6)/((-2)/4). Suppose 4*f = -2*w + 16, 2 = -w + 2*f - 10. Let c = w - -37. Calculate the greatest common divisor of j and c.
5
Let f(b) = 4*b + 3. Let p be f(7). Calculate the highest common divisor of 93 and p.
31
Let r = -15 - -48. Calculate the greatest common divisor of 3 and r.
3
Let q be (-4)/(-3)*(-90)/(-12). Let t = 7 + -5. What is the highest common divisor of q and t?
2
Suppose -a - a = 3*t - 35, 0 = 5*t + 5*a - 65. Suppose 53 = n + 8. Calculate the greatest common divisor of t and n.
9
Suppose 20*r = 18*r + 22. Calculate the greatest common factor of 22 and r.
11
Let n = -16 + 14. Let y be 0/(-1 - n) + 10. Calculate the highest common divisor of y and 10.
10
Suppose -5*j + 4*i = -35, 4*i = j + 2*i - 13. What is the highest common divisor of j and 24?
3
Let d be ((-28)/(-6))/(4/18). Calculate the greatest common divisor of d and 84.
21
Suppose m + 3*m - 2*r = 40, 4*m - r - 38 = 0. Let n = 141 - 114. Calculate the highest common factor of m and n.
9
Suppose 5*o - 5*p - 115 = 0, -4*o + 136 = o + 2*p. What is the highest common factor of o and 13?
13
Suppose 4*u - 2*u - 54 = 0. Calculate the highest common factor of u and 18.
9
Let q be 34/(-51) + (-8)/6. Let y be 1/(2*q/(-72)). What is the greatest common factor of y and 198?
18
Let d(y) = -3 - y - 1 + 2 + 3*y**2. Let q be d(-4). What is the greatest common divisor of q and 10?
10
Suppose -19 = -4*t + 13. What is the greatest common divisor of t and 40?
8
Let s(q) = -11*q + 1. Let i be s(-1). Let u be -1*(-2)/3*i. Let v = -119 - -175. What is the highest common divisor of u and v?
8
Let m = -6 + 11. Let j(y) = -y**3 + 6*y**2 + 3*y. Let i be j(m). Suppose -4*v = 5*o - 32, -4*o - 5*v = -3*o + 2. Calculate the highest common factor of o and i.
8
Suppose -9*n = -13*n + 32. Suppose 3*p - 9 = 3*f, 2*f = 2*p - f - n. What is the greatest common factor of p and 8?
1
Let d be (8/(-3)*-6)/2. Let o be 386/d + 3/(-12). Calculate the greatest common factor of 16 and o.
16
Let s = -25 + 15. Let q = -9 - s. What is the greatest common factor of q and 8?
1
Suppose 0 = -p - 7*p + 280. Calculate the greatest common divisor of 14 and p.
7
Suppose 4*f - 10 = -m, m - 2*f = -4*m + 72. Let x = 390 + -264. What is the highest common factor of m and x?
14
Let o = -5 + 9. Suppose 0 = -3*z, 0*w = -o*w - 4*z + 32. Let m be w - -1 - (2 - -1). What is the greatest common divisor of m and 30?
6
Suppose 0 = 4*s - 7*s + 78. What is the highest common factor of s and 65?
13
Let h(c) = 2*c - 2. Let z be h(2). Suppose z*l + 25 = 7*l. Suppose 132 = l*t - 4*t. What is the highest common factor of 12 and t?
12
Let f(o) = 2*o**2 - 3*o - 8. Let q be f(7). Calculate the greatest common divisor of 23 and q.
23
Let k(v) = 5*v**3 + 3*v + 9. Let d be k(4). Calculate the highest common divisor of 31 and d.
31
Let b = -18 + 25. Suppose -j + b = -5. Calculate the greatest common divisor of j and 108.
12
Let x(d) = 7*d + 4. Let n be x(3). Suppose 5*c + 21 = 2*z - n, z - 5*c = 28. Calculate the highest common factor of 3 and z.
3
Suppose -15 = -5*s, b + 2*b = -3*s + 21. Suppose 3*v + b*j = 347, v + j - 359 = -2*v. Calculate the greatest common factor of v and 11.
11
Let r be (40 + 2)*1 + -2. Let h be 4/18 - (-1238)/18. Suppose b - q = 6*b - 79, 5*q + h = 4*b. What is the highest common factor of r and b?
8
Suppose -4*n - 22 = -2*o, -22 = -6*o + 4*o + 5*n. Calculate the highest common divisor of o and 33.
11
Suppose 2*g + 23 = 89. Suppose 0 = n + 2*n + 12. Let l(x) = -3*x - 1. Let v be l(n). Calculate the greatest common factor of v and g.
11
Let n(l) = 4*l**2 + 4*l. Let b be n(3). What is the greatest common factor of b and 16?
16
Let r be (-6)/((-196)/48 - -4). Let k be 18/r + (-47)/(-4). Calculate the highest common factor of k and 6.
6
Let n be 4/14 - (180/(-7))/1. What is the highest common divisor of 286 and n?
26
Let a = 110 + -32. Suppose a = 4*q - q. Let v = 22 + -9. Calculate the highest common divisor of v and q.
13
Let x = -2 - -8. Suppose -x*c + 2*c = -44. Suppose -2*o + 77 = -o. Calculate the highest common divisor of o and c.
11
Suppose 2*l - 20 = -4*j, -l + 9 + 7 = 4*j. Let i = 47 - 34. Suppose -z = w - i, z - 5 = 2*w - w. What is the highest common divisor of j and z?
3
Let y be 6*(-3)/6 + 10. What is the highest common factor of y and 7?
7
Let j = -111 + 161. Suppose 5*h - 3*r = 103, -5*h + h + 2*r + 82 = 0. Calculate the greatest common divisor of h and j.
10
Let r(i) = i**3 - 2*i**2 + i - 1. Let b be r(2). Calculate the highest common divisor of 1 and b.
1
Let c(y) = -y + 11. Suppose 4*i + 5*a = 13, -a - 1 = i - 2*i. Let u be 17/2 + 1/i. Let p be c(u). Calculate the highest common divisor of 6 and p.
2
Let l = -37 - -64. Let z be 1*l + (-17 - -16). What is the highest common divisor of 13 and z?
13
Let q be 15/6*6/1. What is the highest common factor of 3 and q?
3
Suppose 21*r - 15*r - 144 = 0. What is the highest common factor of 108 and r?
12
Let q be (12/9)/(6/315). What is the greatest common factor of q and 28?
14
Suppose -7*s + 2*s + 8 = x, -11 = -3*x - 2*s. Suppose -5*q - 3*h - 2*h + 80 = 0, 5*q - 72 = x*h. Calculate the greatest common divisor of q and 105.
15
Let v be (-32)/(2 + -4) - -2. Let d be 12/7 + -6*3/(-63). What is the greatest common factor of v and d?
2
Suppose 0 = -33*y + 41*y - 80. Calculate the greatest common factor of y and 150.
10
Suppose -3*i = -4*i + 16. Calculate the highest common factor of i and 4.
4
Let q = 4 + 24. What is the highest common factor of q and 7?
7
Suppose 0*l = 3*l - 72. Let i be 12*(-3)/(-4 + 1). Let h = 18 - i. What is the greatest common factor of h and l?
6
Suppose -5*n + 2*x = -2*x - 213, -6 = -2*x. Calculate the greatest common factor of 18 and n.
9
Suppose -i - 5*j = -26, -2*i + 4*j - 4 + 0 = 0. Suppose 5*d - i = 4. Suppose d*p - 34 = -0*p. What is the highest common factor of p and 187?
17
Let w be (-3 - -12)/(-3) - -19. Calculate the greatest common divisor of 32 and w.
16
Let u be 4 + -6 - -23*2. Calculate the greatest common divisor of 22 and u.
22
Suppose 0 = -2*c + 20 - 6. Let f = -6 + c. Calculate the greatest common factor of 7 and f.
1
Let f(s) = s + 3*s - 6*s**2 - 2*s - s**3. Let b = -16 - -9. Let x be f(b). Calculate the highest common divisor of x and 14.
7
Let j be -1*(-6 - (5 + -4)). Calculate the greatest common factor of 56 and j.
7
Suppose 0 = 5*d + b - 26, 5*d + 5*b - b - 29 = 0. Let l(m) = 5*m + 2*m**2 - d*m. Let c be l(3). Calculate the highest common divisor o